t f be (7 + -1)/(-1 + 1 - -2). Let n be l/f - (-6 - -4). Calculate d(n).
5
Suppose -d = -4*d + 2*l - 3, -3*d = -l + 3. Let s(p) = 6*p**2 + 3*p + 1. Let w be s(d). Let n(b) = -b**2 + 6*b - 4. Give n(w).
4
Let b be ((-3)/5)/(1/(-5)). Suppose -b*t = 1 - 16. Let h(o) = o**3 - 4*o**2 - 5*o - 5. What is h(t)?
-5
Suppose 15 = 3*w + 2*w. Suppose 14 = w*o + 2*o - 4*t, -o + 26 = 5*t. Let x(a) be the second derivative of -a**5/20 + a**4/2 + a**3/6 + 2*a**2 - 3*a. Give x(o).
10
Let m(i) = i**3 + 68*i**2 - 143*i - 205. Let v be m(-70). Let k(x) = -x**3 + 7*x**2 - 2*x + 1. What is k(v)?
41
Let a be (-5)/50*5*(7 - -3). Let r(w) = -w**3 - 4*w**2 + 4*w + 4. Calculate r(a).
9
Let u(d) = d - 11. Let v(m) = m**3 + 6*m**2 - 26*m - 70. Let h be v(-8). Calculate u(h).
-1
Let d(u) = -16*u - 1. Suppose 3*b + 6 = -3*x, 8 = -2*x + 4*b + 22. Calculate d(x).
-17
Suppose -9*n = -4*n - 80. Suppose n*d = 12*d - 56. Let o = d + 15. Let g(z) = 8*z**2 - 2*z + 1. Give g(o).
7
Let p = -4 - 7. Let s = p + 16. Let i(j) = 7*j - 5*j - s*j. Calculate i(-1).
3
Let p be 2 + (-40)/18 + 466/(-9). Let g = p + 51. Let x(c) = 7*c**2 - c - 1. Determine x(g).
7
Let r(a) be the third derivative of 0*a + 1/24*a**4 + 1/60*a**5 + 2/3*a**3 + 0 + 3*a**2. Determine r(0).
4
Let b be 1/((1/6)/((-16)/(-32))). Let p(w) = -10*w + 3. Give p(b).
-27
Suppose 0 = -702*g + 694*g - 88. Let r(m) = 3*m + 32. Calculate r(g).
-1
Let n(u) = -3*u**3 - 25*u**2 - 19*u - 25. Let l(f) = -7*f**3 - 50*f**2 - 35*f - 49. Let p(o) = 2*l(o) - 5*n(o). Calculate p(-24).
3
Let t be 4*(-1)/10*-5. Suppose t*p + 0 + 6 = 0, 4*f + 3*p + 45 = 0. Let g = 12 + f. Let q(o) = o**3 - 2*o**2 - 4*o + 3. Determine q(g).
0
Let d(l) = 6*l + 12 - 31 + 3*l**2 + 13 - l**3. Let u(n) be the second derivative of n**3/6 - 3*n**2/2 - 3*n. Let b be u(7). Calculate d(b).
2
Let a(b) be the third derivative of b**4/24 + 5*b**3/6 + 165*b**2. Give a(12).
17
Let r(w) = 2*w - 1. Let l(j) = 1. Let v(g) = -2*l(g) + r(g). Let i = -31 - 2. Let o = -29 - i. What is v(o)?
5
Let f(b) = 2*b**3 - b. Let s(p) = 3*p**3 + 3*p**2 + 3*p + 4. Let c(q) = f(q) - s(q). Give c(-2).
0
Let i(l) = -l - 1. Let p = 24 + -18. Give i(p).
-7
Let l(r) be the second derivative of r**5/20 + r**4/3 - r**3/2 + 3*r**2/2 + 1096*r. Suppose 0 = 4*v - 6 - 14, 3*v = -2*w + 7. What is l(w)?
15
Let n(q) = 2*q + 22. Let s(m) be the second derivative of -m**3/6 - 11*m**2/2 - 15*m. Let j(y) = -3*n(y) - 5*s(y). Determine j(-8).
-3
Let u(v) = 2*v + 8. Let f be u(-7). Let t(m) be the second derivative of 0 + 2*m + 4*m**2 + 1/3*m**3. Give t(f).
-4
Let r(f) be the third derivative of 0*f + f**3 - f**2 - 7/24*f**4 + 0 - 1/60*f**5. What is r(-8)?
-2
Let b = -5 + 2. Let d(o) = -3*o - 1. Let w be d(-1). Let i(f) = f**3 + 1 - 1 + 4*f**w + 3. Give i(b).
12
Let b(t) = t**2 - 3*t - 6. Let l be b(5). Let g = -129 + 198. Let m(q) = g - 146 + q - q**3 + 73 + 4*q**2. What is m(l)?
0
Let n(t) = 4*t - 1 - 4*t + 3*t - 7*t + 3*t. Determine n(-2).
1
Let r(j) = -3*j - 1. Let y = -4 - -4. Suppose y = -4*k + 20, 3*q + 2 = -0*q + k. Suppose -q = -0*f - f. Determine r(f).
-4
Let j(v) = 2*v**3 + 12*v**2 + 2*v + 2. Let a(z) = -z**3 - 6*z**2 - z - 1. Let b(x) = 5*a(x) + 2*j(x). Calculate b(-4).
-29
Let z(p) = -2*p + 21. Let j(h) = 3*h - 39. Let r(w) = -6*j(w) - 10*z(w). Calculate r(-12).
0
Let g = 2 + 5. Let a be 14/(-49) + 30/g. Let d be 0/(a*(-4)/8). Let k(z) = -z**3 + z**2 + 3. What is k(d)?
3
Let w(m) = m**3 - 2*m**2 + 3*m + 3. Let y be 16/3 + 8/12. Suppose -6*k + 3*k = y. Give w(k).
-19
Let t be (2 + 2 + -4)/2. Let x = t + 2. Let g(z) = -1181*z - 1 + 1 + 1176*z. Calculate g(x).
-10
Let o(g) = 1 + 2*g**2 - 2*g**2 + g + g**2. Suppose 0 = -4*q + 4*v + 1 + 3, 3*q = 2*v + 4. Suppose -q*b - b = -6*b. What is o(b)?
1
Let l(r) be the third derivative of r**6/120 - r**5/60 - r**4/8 + r**3/6 - 4*r**2. Suppose -4*i = -2*o - 12, -2*o + 26 = o + 5*i. Determine l(o).
-1
Let o(p) = 3*p**2 + 25*p - 3 + 2*p**3 - 6*p**2 - 23*p. Determine o(2).
5
Let b(g) be the third derivative of g**6/120 - 2*g**5/15 - g**4/3 - 2*g**3 - 96*g**2. Calculate b(9).
-3
Let c be (-6)/(-1 - -4) + 134. Suppose c - 123 = k. Let n(m) = -m**2 + 7*m + 9. Calculate n(k).
-9
Let r(v) be the first derivative of 2*v**3 - v**2 - v + 72. Suppose 5*o + 2 = -2*f + 22, 3*o + 9 = 3*f. Suppose -o*j + 7*j + 5 = 0. What is r(j)?
7
Let z(t) = t. Suppose -j = 74 - 69. Let r(q) = -q + q**2 - 6 - 2*q + 17 + 9*q. Let i be r(j). Give z(i).
6
Let m(s) be the first derivative of 3*s**2/2 - 4*s + 53. What is m(5)?
11
Suppose 159 - 138 = -3*q. Let z(o) = -o**3 - 7*o**2 - 5. Give z(q).
-5
Let r(i) = 2*i - 9. Let x(l) = -3*l - 2. Let a be x(4). Let s = 19 + a. Suppose -20 = -2*f - q - 2*q, -2*f = s*q - 24. Calculate r(f).
5
Let q = -2 - -7. Let k(r) = -12*r**3 + 7*r**2 + 14*r - 4. Let w(d) = -19*d**3 + 10*d**2 + 23*d - 5. Let f(i) = -8*k(i) + 5*w(i). Give f(q).
-3
Let j(x) = -3*x + 2. Let y(q) = q**2 + q + 13. Let v be y(0). Suppose -4 = -v*k + 15*k. What is j(k)?
8
Let x(k) = -k**3 - k. Let a(p) = -11*p**2 - p. Let w(y) = -a(y) + x(y). Give w(11).
0
Let b(x) be the third derivative of x**4/24 + x**3/6 + 4*x**2. Suppose -t + 8 = 3*t. Let j be b(t). Let k(s) = -s**3 + 4*s**2 - 3*s - 2. Give k(j).
-2
Let j(d) = -2*d - 2 + 5*d + d - 2. Suppose -71*u = -9*u - 186. Give j(u).
8
Let y(l) = -11*l - 15. Let s(r) = 5*r + 8. Let o(p) = -5*s(p) - 3*y(p). Give o(-2).
-11
Let n(y) = -10*y + 7. Let h(c) = 2*c - 2. Let f(i) = -6*h(i) - n(i). Determine f(15).
-25
Let x(n) = n**2 + 5*n + 2. Let i be x(-5). Suppose -3*s - i - 1 = 0. Let q(p) be the first derivative of -11*p**4/4 + p**3/3 - p**2/2 - p + 80. Calculate q(s).
12
Let y(n) = 28*n + 0 - 29*n + 34*n**2 + n**3 + 1 + 1 - 28*n**2. Let i be ((-1)/(-1))/((-1)/6). Determine y(i).
8
Let w(z) = -3*z - 1. Suppose -3 = -m + 9. Suppose 4*x = -0*x + m. Suppose -q + 8 = -3*i + i, 4*q - i = -x. Calculate w(q).
5
Let k(w) = -w**3 - 6*w**2 - 7*w - 5. Let y be k(-4). Let s be 32/(-4)*y/24. Let c(b) = b**2 - 4 - 2*b + 5 + 8*b + s. Determine c(-4).
-4
Suppose n - 5*d + 2 = -8, 5*n + d = 2. Let w(k) = -2*k**2 + 3*k - 3. Let g(c) = 3*c**2 - 4*c + 2. Let z(y) = 3*g(y) + 4*w(y). Give z(n).
-6
Let j(i) = -2*i + 4. Let c be j(-2). Suppose -2*s = -3*t + 2 + c, 2 = -t + 2*s. Let k be (-2 + 1)/(2/t). Let p(u) = u**2 + 2*u + 3. Calculate p(k).
6
Let k(b) be the third derivative of b**4/24 + b**3 - 5*b**2. Let l(r) = r**3 + 24*r**2 + 22*r - 30. Let y be l(-23). Determine k(y).
-1
Let j(k) = 13*k. Let c(f) = 2*f - 1. Let o(a) = 6*c(a) - j(a). What is o(-4)?
-2
Let c(i) = -2*i + 9. Suppose -5 - 1 = -r. Suppose 6*l - 5*l = -r. Let z(b) = 2*b - 9. Let j(t) = l*z(t) - 5*c(t). What is j(6)?
-3
Suppose -r = 5*u - 25, 2*r + 4*u + 16 = 3*r. Let d be (r/4)/5*6. Let i(y) = 3*y - 9. What is i(d)?
9
Let d(t) be the second derivative of 1/2*t**2 - 2/3*t**3 - 14*t + 1/20*t**5 + 0 - 1/6*t**4. Give d(3).
-2
Let u(v) = -2*v - 3. Suppose -3*y - 32 = f, -y + 59 - 43 = -5*f. Let l(w) = -6 + 7*w + 0*w**2 + 2*w + w**2. Let n be l(y). Give u(n).
9
Suppose 4*n + 2*x + 130 = 0, 34 = -5*n + 5*x - 136. Let j = n + 46. Let v(m) = -6*m**2 + 0*m + 0*m + j*m**3 - 12*m**3 - 7. Calculate v(6).
-7
Let j = -651 + 915. Let s(v) = -v + 26*v**2 - j + 264 - 8*v**2. Determine s(1).
17
Suppose -5*r - 10 = -4*c, 5*c + r = 9 + 18. Suppose -4*k - 4*h + 5 = -3, 3*h + 26 = c*k. Let b(f) = -6 + 3 - f + 3*f. Determine b(k).
5
Let q(d) = 54*d**3 + 2*d**2 - 24*d - 1. Let m(i) = -8*i. Let z(y) = -3*m(y) + q(y). Determine z(-1).
-53
Suppose 0 = 2*a + x - 7, 2*a + 5*x = -a + 21. Let w(u) = -93*u**2 + 48*u**a + 1 + u + 0 + u**3 + 49*u**2. Give w(-3).
7
Let r(i) = -4*i - 28 - 9*i - 10*i + 29*i - 5*i. Calculate r(22).
-6
Suppose 5*h + t = 32, -6 = -3*t - 0. Let a(v) = 0*v**2 - 260 + 265 - h*v - v**2. Give a(-6).
5
Let u = -223 + 219. Let v(w) = w**3 + 5*w**2 - 3*w + 3. What is v(u)?
31
Let n(j) be the first derivative of -j**2/2 - 9*j + 67. Calculate n(-7).
-2
Let a = 37 + -29. Let n be -4*4/a + 1. Let o(i) = -2*i + 3*i - 2*i - 1. What is o(n)?
0
Let d(g) = 15*g - 31*g + 11*g - 43. Give d(-10).
7
Suppose 4*j = 3*a - 2, -2*a - 32 = 2*j + 2*j. Suppose v - 4*v = -21. Let t(w) = -6 + 1 + v*w + w**2 + 5 + 5. Determine t(a).
-1
Suppose -3*p - 1 - 17 = 0. Let z(b) = b. Let q(i) = -8*i + 1. Let a(y) = p*q(y) - 51*z(y). What is a(-6)?
12
Let w(t